-5513517 (base 8) to base 13.
-3cab69
Convert 122143416 (base 7) to base 15.
a19059
What is 5b1aa4 (base 15) in base 13?
b98405
100000110001110011100 (base 2) to base 3
2000120100121
-4d6236 (base 15) to base 4
-32023110120
-60299 (base 12) to base 14
-336bb
Convert 20201221200220 (base 3) to base 8.
15522656
-143630 (base 9) to base 15
-1b113
Convert -221386b (base 12) to base 2.
-11000110010001000010011
What is 132401140 (base 5) in base 16?
a34f8
1122002020 (base 3) to base 2
111110110001000
What is 132540 (base 7) in base 5?
1244334
What is 143723 (base 8) in base 4?
30133103
What is -3557246 (base 9) in base 2?
-111010110101000000000
Convert 57a988 (base 16) to base 4.
111322212020
What is -10001110000011001 (base 2) in base 5?
-4311404
-1101000001000100011100 (base 2) to base 13
-9261ac
Convert -1125716 (base 8) to base 6.
-10321130
What is -22321311332 (base 4) in base 6?
-141133102
What is 1772014 (base 9) in base 7?
11301442
-1212225 (base 7) to base 5
-14420332
What is 5316015 (base 7) in base 9?
1180186
What is 32791 (base 12) in base 6?
1233101
-26141b (base 12) to base 15
-c5022
9c5bd (base 14) to base 15
77814
What is -264630 (base 9) in base 4?
-213101331
-181505 (base 11) to base 7
-2244451
Convert 1403012 (base 6) to base 14.
20812
-2b784 (base 16) to base 10
-178052
459063 (base 11) to base 3
1101001121221
Convert 10003051 (base 6) to base 7.
2246056
141121240 (base 6) to base 9
5333576
What is -1013523501 (base 6) in base 2?
-101000001101001101111101
-164d2b (base 14) to base 6
-24431455
Convert 1856708 (base 10) to base 15.
26a208
347805 (base 9) to base 15
41e82
14346340 (base 7) to base 16
14b26d
Convert -2051550 (base 7) to base 16.
-3c876
Convert 110c53 (base 13) to base 14.
a66aa
What is 83740 (base 9) in base 11?
38593
Convert -123820 (base 11) to base 3.
-100220220221
Convert -1100110111111110100 (base 2) to base 7.
-3404650
Convert 3d197 (base 14) to base 6.
3124121
-132212213 (base 6) to base 10
-2630097
-11814a (base 11) to base 8
-554223
-120010210122 (base 3) to base 5
-34014031
What is 33011333 (base 5) in base 15?
588b3
-3825a (base 13) to base 7
-611152
Convert -2d66 (base 15) to base 12.
-57a3
-10064a (base 12) to base 14
-67038
What is 20475524 (base 8) in base 13?
b9719b
62605351 (base 7) to base 13
112ac59
What is 652783 (base 9) in base 7?
3210456
Convert 300200122 (base 5) to base 8.
4375062
What is -144340344 (base 5) in base 11?
-491249
What is 431b1 (base 12) in base 9?
144237
1c082a (base 15) to base 7
14430265
What is 25324134 (base 6) in base 4?
3020030122
7607586 (base 9) to base 16
3e415f
-470523 (base 13) to base 4
-12123213111
122b2 (base 12) to base 13
b285
What is -204114041 (base 5) in base 7?
-10131236
111012022102011 (base 3) to base 15
938021
5a8994 (base 11) to base 10
963505
Convert 8c11b (base 14) to base 4.
1103013331
What is 200102122 (base 4) in base 12?
6464a
What is -103662041 (base 7) in base 13?
-13a34b3
What is -2e9507 (base 15) in base 10?
-2259007
What is 14bfd (base 16) in base 2?
10100101111111101
Convert 1112221221122 (base 3) to base 2.
11001001101001000000
Convert 36416 (base 9) to base 13.
b148
Convert 22111212100 (base 3) to base 8.
507223
What is 5aab2 (base 12) in base 3?
20020002022
What is -699712 (base 10) in base 11?
-438782
Convert -325323 (base 10) to base 2.
-1001111011011001011
Convert -615465 (base 8) to base 16.
-31b35
Convert 10111001010100001 (base 2) to base 4.
113022201
Convert -3323122220 (base 5) to base 16.
-6e7594
Convert -1141110 (base 8) to base 7.
-2436162
What is 30b1986 (base 13) in base 14?
1d73026
Convert -1121122031 (base 4) to base 8.
-1313215
Convert -3aa63a (base 13) to base 8.
-5332272
-208a5 (base 14) to base 10
-78545
Convert 10010011110100011010 (base 2) to base 16.
93d1a
What is -4343132 (base 5) in base 12?
-37348
Convert 11264766 (base 8) to base 2.
1001010110100111110110
Convert 204303043 (base 5) to base 7.
10153256
-2346d5 (base 14) to base 6
-41442311
Convert 145c7a (base 14) to base 5.
140121133
-18dd252 (base 14) to base 10
-12367672
Convert 48aac (base 16) to base 5.
34011034
What is 17ab41b (base 14) in base 15?
1064707
-31002411 (base 5) to base 12
-100a70
3269972 (base 10) to base 9
6133502
Convert 16dd7 (base 16) to base 4.
112313113
Convert -12021122221 (base 3) to base 7.
-612133
What is 3402335 (base 7) in base 11?
268369
What is -c241b (base 15) in base 11?
-390211
Convert 68be2 (base 16) to base 10.
429026
-235612 (base 9) to base 16
-22a63
What is -c0630 (base 14) in base 5?
-104242320
Convert 6496c (base 16) to base 11.
261607
What is b64886 (base 13) in base 8?
20213557
-32043 (base 10) to base 5
-2011133
Convert -6075051 (base 8) to base 11.
-9a6237
Convert -20207 (base 11) to base 13.
-10598
12202020100 (base 3) to base 8
335016
Convert -200222001200 (base 3) to base 8.
-1331055
Convert -101010011101001100100 (base 2) to base 13.
-3992c9
What is -11240145 (base 7) in base 8?
-3602654
Convert 4570535 (base 8) to base 16.
12f15d
What is 21248611 (base 9) in base 4?
213011331301
What is 20360446 (base 7) in base 6?
100410331
What is 10315 (base 7) in base 14?
d0c
2150301 (base 6) to base 13
3a01b
What is -140446631 (base 7) in base 13?
-1b7c50b
Convert 409540 (base 13) to base 2.
101101111101000110010
100121010211110 (base 3) to base 4
103131102102
Convert -8c5077 (base 13) to base 3.
-20020212220000
What is 3342355 (base 6) in base 4?
221101133
Convert 1214341322 (base 5) to base 9.
5380304
-1631c3 (base 14) to base 9
-1413653
1122112122021 (base 3) to base 12
363444
What is 313100414 (base 5) in base 15?
1aa33e
-2983a8 (base 12) to base 16
-aa930
-1411c0 (base 14) to base 9
-1267723
What is -50054204 (base 7) in base 4?
-33300211322
Convert -56021 (base 13) to base 6.
-3202142
Convert 1213404041 (base 5) to base 13.
797557
-b54da (base 14) to base 2
-1101010110000011000
-11111100110110111 (base 2) to base 3
-20120120221
Convert 21322002013 (base 4) to base 2.
1001111010000010000111
Convert 1440463 (base 11) to base 9.
4581808
What is 12021122122 (base 3) in base 4?
121120322
1101002122210 (base 3) to base 12
2b26a9
Convert -14111141 (base 6) to base 5.
-110212114
-247306 (base 11) to base 15
-7a9d7
Convert -186985 (base 13) to base 7.
-5136550
Convert -641646 (base 9) to base 10.
-381795
What is -1a2388 (base 11) in base 4?
-1023310312
What is 1201110121 (base 3) in base 2?
1000010001010010
What is -30135105 (base 6) in base 13?
-23b0c1
314588 (base 9) to base 14
4c28d
Convert -869348 (base 11) to base 9.
-2545772
What is -18084352 (base 9) in base 12?
-306463b
What is -878a5 (base 12) in base 7?
-1344425
What is 16b4c5d (base 14) in base 10?
11192467
-1850426 (base 9) to base 15
-1573c6
Convert 3165654 (base 8) to base 4.
3032232230
Convert -de940 (base 16) to base 8.
-3364500
-135a12 (base 12) to base 9
-538455
What is 324012 (base 6) in base 5?
1324132
What is 11111011100110101011 (base 2) in base 3?
1221100200022
What is 174d3 (base 15) in base 11?
51679
Convert -24133210 (base 5) to base 6.
-4445512
What is 1000101111111111 (base 2) in base 6?
433531
What is -778012 (base 10) in base 3?
-1110112020021
What is 10840 (base 16) in base 11?
46909
What is -6680 (base 13) in base 6?
-150112
6861c (base 14) to base 16
3ded2
What is 600272 (base 9) in base 4?
1112203121
Convert -114228 (base 15) to base 4.
-3021022310
What is e8ad8 (base 16) in base 11?
5a1048
20772 (base 10) to base 16
5124
-a3118 (base 11) to base 6
-3120543
What is -200726 (base 13) in base 6?
-23535305
13303120002 (base 4) to base 8
7633002
What is 22442035 (base 6) in base 13?
1b2054
112212000012 (base 3) to base 9
485005
Convert -7a844 (base 11) to base 6.
-2300445
-2110110211 (base 3) to base 13
-19099
112101222010100 (base 3) to base 2
11101001101001001110000
-454d77 (base 14) to base 9
-4382174
What is -100201002320 (base 4) in base 2?
-10000100001000010111000
What is -3f1da7 (base 16) in base 4?
-33301312213
Convert 1012120011211200 (base 3) to base 11.
984a464
What is -10001101011011111000 (base 2) in base 14?
-1111a0
154664 (base 10) to base 9
255138
Convert -1001011101111000101 (base 2) to base 14.
-810a1
What is 22c00 (base 16) in base 5?
14023321
Convert 480b (base 12) to base 10.
8075
Convert 49610 (base 11) to base 8.
213160
